{"version":"1.0","provider_name":"Grupa za konceptualnu politiku","provider_url":"https:\/\/gkp.org.rs\/en","author_name":"Branka \u0106ur\u010di\u0107","author_url":"https:\/\/gkp.org.rs\/en\/author\/branka\/","title":"Javna tribina: DEMOKRATSKI KAPACITET OPOZICIJE &#8211; Grupa za konceptualnu politiku","type":"rich","width":600,"height":338,"html":"<blockquote class=\"wp-embedded-content\" data-secret=\"ky828aS3Wx\"><a href=\"https:\/\/gkp.org.rs\/en\/mesne-zajednice\/javna-tribina-demokratski-kapacitet-opozicije\/\">Javna tribina: DEMOKRATSKI KAPACITET OPOZICIJE<\/a><\/blockquote><iframe sandbox=\"allow-scripts\" security=\"restricted\" src=\"https:\/\/gkp.org.rs\/en\/mesne-zajednice\/javna-tribina-demokratski-kapacitet-opozicije\/embed\/#?secret=ky828aS3Wx\" width=\"600\" height=\"338\" title=\"&#8220;Javna tribina: DEMOKRATSKI KAPACITET OPOZICIJE&#8221; &#8212; Grupa za konceptualnu politiku\" data-secret=\"ky828aS3Wx\" frameborder=\"0\" marginwidth=\"0\" marginheight=\"0\" scrolling=\"no\" class=\"wp-embedded-content\"><\/iframe><script type=\"text\/javascript\">\n\/* <![CDATA[ *\/\n\/*! This file is auto-generated *\/\n!function(d,l){\"use strict\";l.querySelector&&d.addEventListener&&\"undefined\"!=typeof URL&&(d.wp=d.wp||{},d.wp.receiveEmbedMessage||(d.wp.receiveEmbedMessage=function(e){var t=e.data;if((t||t.secret||t.message||t.value)&&!\/[^a-zA-Z0-9]\/.test(t.secret)){for(var s,r,n,a=l.querySelectorAll('iframe[data-secret=\"'+t.secret+'\"]'),o=l.querySelectorAll('blockquote[data-secret=\"'+t.secret+'\"]'),c=new RegExp(\"^https?:$\",\"i\"),i=0;i<o.length;i++)o[i].style.display=\"none\";for(i=0;i<a.length;i++)s=a[i],e.source===s.contentWindow&&(s.removeAttribute(\"style\"),\"height\"===t.message?(1e3<(r=parseInt(t.value,10))?r=1e3:~~r<200&&(r=200),s.height=r):\"link\"===t.message&&(r=new URL(s.getAttribute(\"src\")),n=new URL(t.value),c.test(n.protocol))&&n.host===r.host&&l.activeElement===s&&(d.top.location.href=t.value))}},d.addEventListener(\"message\",d.wp.receiveEmbedMessage,!1),l.addEventListener(\"DOMContentLoaded\",function(){for(var e,t,s=l.querySelectorAll(\"iframe.wp-embedded-content\"),r=0;r<s.length;r++)(t=(e=s[r]).getAttribute(\"data-secret\"))||(t=Math.random().toString(36).substring(2,12),e.src+=\"#?secret=\"+t,e.setAttribute(\"data-secret\",t)),e.contentWindow.postMessage({message:\"ready\",secret:t},\"*\")},!1)))}(window,document);\n\/* ]]> *\/\n<\/script>\n","thumbnail_url":"https:\/\/gkp.org.rs\/wp-content\/uploads\/2023\/10\/wordpres-NDNV-scaled.jpg","thumbnail_width":1000,"thumbnail_height":596,"description":"Utorak, 24. oktobar 2023. u 19h Media Hub NDNV-a Sutjeska 2, SPENS, Novi Sad Na tribini u\u010destvuju: Ivana Mara\u0161, \u010dlanica novosadskog odbora Zeleno-levog fronta Aleksandar Lazarevi\u0107, \u010dlan gra\u0111anskog pokreta Bravo! Radivoje Jovovi\u0107, kopredsednik novosadskog odbora Zajedno Veljko Krstono\u0161i\u0107, predsednik novosadskog [&hellip;]"}

Branka Ćurčić

Utorak, 24. oktobar 2023. u 19h Media Hub NDNV-a Sutjeska 2, SPENS, Novi Sad Na tribini učestvuju: Ivana Maraš, članica novosadskog odbora Zeleno-levog fronta Aleksandar Lazarević, član građanskog pokreta Bravo! Radivoje Jovović, kopredsednik novosadskog odbora Zajedno Veljko Krstonošić, predsednik novosadskog [&hellip;]
